
12
Let w(u) = u - 5. Calculate w(4).
-1
Let l(d) = 5*d**2 + 2. Give l(-1).
7
Let b(r) = -2*r**2 + 13*r - 12. Give b(10).
-82
Let r(o) = 3*o**2 + o - 3. Calculate r(-3).
21
Let n(h) = -h**3 + 4*h**2 + 3*h. Determine n(-2).
18
Let c(u) = -3*u**2 - 5*u + 1. What is c(-4)?
-27
Let o(v) = -2*v + 39. Determine o(-11).
61
Let l(p) = p**3 + 7*p**2 - 16*p + 12. Determine l(-9).
-6
Let n(j) = -13*j + 39. Determine n(5).
-26
Let a(w) = w**2 - 2*w - 6. What is a(-4)?
18
Let n(i) = 21*i + 63. Give n(-5).
-42
Let q(o) = o**3 - 8*o**2 + 6*o - 2. Calculate q(8).
46
Let y(p) = -3*p + 59. Calculate y(19).
2
Let d(z) = 4*z + 32. Calculate d(-13).
-20
Let s(l) = -10*l**3 + l**2 - 4*l - 4. What is s(-1)?
11
Let y(f) = f**3 + 30*f**2 - 4. Calculate y(-30).
-4
Let r(z) = -9*z + 72. Determine r(13).
-45
Let i(o) = -o + 9. Calculate i(-11).
20
Let g(y) = 2*y + 42. Calculate g(-8).
26
Let x(p) = p**3 - 11*p**2 - 5*p + 7. Determine x(11).
-48
Let u(m) = -19*m**2. Give u(-1).
-19
Let s(b) = -13*b**2 + b - 1. Determine s(1).
-13
Let k(s) = 4*s - 7. Determine k(2).
1
Let w(l) = -l**2 + 12*l - 10. Calculate w(8).
22
Let h(c) = c**2 - 3*c - 2. Determine h(5).
8
Let x(a) = a**3 + 12*a**2 + 28*a + 10. What is x(-9)?
1
Let j(h) = h**2 - h + 3. Give j(9).
75
Let n(f) = 2*f**2 - 12*f + 20. What is n(5)?
10
Let f(g) = g**3 + 8*g**2 + 2*g - 9. Give f(-7).
26
Let l(x) = 17*x + 153. Calculate l(-9).
0
Let l(y) = -y**2 + 21*y + 68. Determine l(24).
-4
Let p(d) = -2*d**2 + 20*d + 3. Calculate p(9).
21
Let d(o) = 13*o**2 + 14*o - 12. What is d(1)?
15
Let b(z) = -4*z - 5. What is b(-3)?
7
Let f(p) = -p**2 + 21*p - 3. Calculate f(20).
17
Let c(i) = -i**3 - 9*i**2 - 11*i + 14. Give c(-7).
-7
Let f(w) = -6*w + 7. Determine f(-10).
67
Let s(m) = m + 20. Calculate s(-7).
13
Let g(t) = -4*t - 32. Determine g(-8).
0
Let j(b) = 14*b**2 + 18*b + 31. Give j(-2).
51
Let y(x) = 2*x - 41. Give y(20).
-1
Let h(o) = 9*o - 85. Give h(10).
5
Let g(i) = -17*i - 82. Determine g(-5).
3
Let q(v) = -2*v**2 - 7*v - 12. Calculate q(-6).
-42
Let t(y) = -y - 12. What is t(-3)?
-9
Let m(j) = -j**2 - j. Give m(1).
-2
Let i(r) = r**2 - 44*r + 360. Determine i(11).
-3
Let y(i) = 3*i - 64. Give y(19).
-7
Let d(x) = -x**3 + x**2 - 39*x - 20. Calculate d(0).
-20
Let d(x) = 9*x + 22. Determine d(-3).
-5
Let m(o) = 7*o**2 + 2*o - 3. What is m(2)?
29
Let r(a) = 7*a**3 - 2*a**2 + a + 1. Give r(1).
7
Let h(j) = -j**2 + 3*j - 31. What is h(7)?
-59
Let f(y) = 8*y - 291. Calculate f(36).
-3
Let h(w) = w**3 + 17*w**2 + 43*w + 19. Give h(-14).
5
Let x(c) = 11*c - 9. Give x(1).
2
Let y(o) = -o**3 + 9*o**2 + 5*o + 1. Give y(10).
-49
Let d(b) = b**3 - 2*b**2 - 3*b - 2. Give d(-3).
-38
Let i(j) = -j**3 - 4*j**2 + 6*j + 9. Calculate i(-5).
4
Let n(u) = -7*u - 11. Give n(-15).
94
Let m(s) = -2*s + 10. Give m(2).
6
Let u(n) = -n**2 + 14*n. Give u(13).
13
Let i(j) = 3*j**2 - 3*j + 10. Give i(2).
16
Let p(y) = -y**3 + 21*y**2 + 22*y - 4. Determine p(22).
-4
Let n(f) = -f**3 - 5*f**2 + 6*f + 4. Calculate n(-6).
4
Let b(z) = 2*z**2 - 16*z + 24. Give b(6).
0
Let v(s) = -18*s**2 + s. What is v(1)?
-17
Let w(v) = -12*v - 11. What is w(6)?
-83
Let c(p) = p**3 - 9*p**2 + 9*p - 20. What is c(8)?
-12
Let y(q) = 6*q**2 + 44*q + 6. Determine y(-7).
-8
Let k(d) = -d**2 - 14*d - 68. What is k(-5)?
-23
Let b(a) = -a - 4. What is b(-5)?
1
Let g(h) = 10*h - 122. What is g(13)?
8
Let n(i) = -i**2 - 7*i - 8. Calculate n(-4).
4
Let x(t) = -2*t**2 - 14*t - 29. Give x(-3).
-5
Let p(w) = -w**3 + 3*w**2 - 1. What is p(2)?
3
Let o(i) = 18*i - 18. What is o(-3)?
-72
Let d(i) = -9*i + 6. Calculate d(3).
-21
Let k(m) = 2*m**2 + 8*m + 3. Give k(5).
93
Let j(o) = -8*o - 7. Determine j(-6).
41
Let g(w) = -w**2 + 26*w + 5. Determine g(27).
-22
Let r(l) = 20*l + 47. Give r(0).
47
Let d(k) = 9*k + 52. What is d(-7)?
-11
Let y(v) = 23*v + 219. Give y(-9).
12
Let j(g) = -g - 12. Give j(-1).
-11
Let f(v) = v**3 - 5*v - 15. What is f(4)?
29
Let d(m) = 8*m**3 - m**2 + 3*m - 1. What is d(1)?
9
Let q(d) = -11*d - 302. Determine q(-30).
28
Let w(n) = -2*n - 3. Determine w(-12).
21
Let r(m) = m**3 - 19*m**2 - 21*m + 21. Give r(20).
1
Let f(y) = 2*y**3 - 22*y**2 - 16*y - 108. Give f(12).
-12
Let v(c) = -c + 13. What is v(12)?
1
Let n(f) = -9*f**2 - 47*f + 9. Determine n(-6).
-33
Let a(j) = 6*j - 16. What is a(-3)?
-34
Let y(z) = 2*z**3 - 44*z**2 - 4*z + 91. What is y(22)?
3
Let g(p) = p. Give g(15).
15
Let h(k) = -k**2 - 39*k - 195. Calculate h(-33).
3
Let u(t) = t**3 + 18*t**2 + 52*t + 36. What is u(-15)?
-69
Let i(h) = h**3 + 7*h**2 - h - 36. What is i(-6)?
6
Let i(m) = -3*m**2 - 17*m - 10. Calculate i(-5).
0
Let z(x) = 2*x**2 - x - 1. Determine z(2).
5
Let h(p) = -4*p + 14. Give h(6).
-10
Let m(o) = 77*o. Calculate m(1).
77
Let v(p) = p - 12. Calculate v(11).
-1
Let s(y) = -3*y**2 + 17. Give s(0).
17
Let o(d) = 8*d + 14. Calculate o(-2).
-2
Let b(z) = 2*z**2 + 19*z + 29. Calculate b(-12).
89
Let b(x) = 34*x**3 + 2*x**2 + 3*x - 4. Give b(1).
35
Let j(c) = -c**3 + 7*c**2 - 16*c + 31. Calculate j(5).
1
Let w(o) = 2*o**2 + 21*o - 1. Calculate w(-9).
-28
Let u(q) = q**2 - 9*q + 15. Determine u(10).
25
Let d(g) = -2*g**2 - 6*g + 2. Give d(-7).
-54
Let u(h) = -h**2 + 14. Determine u(0).
14
Let w(t) = -t**3 - 7*t**2 - 8*t - 1. Give w(-6).
11
Let c(q) = -q**3 + 8*q**2 + 18*q + 3. Calculate c(10).
-17
Let q(z) = z**2 - 18*z + 14. Give q(17).
-3
Let i(g) = g - 15. What is i(5)?
-10
Let u(w) = -53*w**2 + 6*w - 2. Determine u(1).
-49
Let g(x) = 6*x - 42. Calculate g(6).
-6
Let c(l) = 95*l - 278. Determine c(3).
7
Let c(v) = -8*v + 74. Calculate c(0).
74
Let a(z) = -z**2 - 12*z + 5. Calculate a(-12).
5
Let i(r) = -r**2 + 9*r + 31. Give i(-3).
-5
Let k(y) = 2*y**2 - 11*y - 7. What is k(6)?
-1
Let u(x) = 29*x - 38. What is u(6)?
136
Let n(o) = 2*o**2 - 17*o + 22. Calculate n(7).
1
Let g(v) = -6*v**2 + 9*v + 3. Calculate g(3).
-24
Let b(p) = -54*p - 152. What is b(-3)?
10
Let j(m) = 7*m + 6. What is j(-5)?
-29
Let q(i) = 61*i - 128. Give q(2).
-6
Let t(x) = -x**3 - 16*x**2 + 21*x - 13. Calculate t(-17).
-81
Let c(n) = -8*n**2 + 53*n - 20. What is c(6)?
10
Let h(v) = v**2 + 15*v + 51. Calculate h(-9).
-3
Let s(p) = -10*p + 89. What is s(10)?
-11
Let w(v) = v**3 + 15*v**2 + 2*v + 31. Determine w(-15).
1
Let k(x) = 20*x + 34. Determine k(-2).
-6
Let o(h) = 2*h**2 - 3*h + 2. Calculate o(3).
11
Let s(k) = -k**3 - 16*k**2 + 2*k + 35. What is s(-16)?
3
Let x(n) = 3*n + 20. What is x(-15)?
-25
Let z(q) = q**3 + 9*q**2 - 50*q + 2. Determine z(-13).
-24
Let i(a) = -22*a - 25. Give i(-2).
19
Let i(k) = -3*k - 58. Calculate i(-18).
-4
Let z(j) = j**3 - 2*j**2 - j + 4. Calculate z(-3).
-38
Let h(z) = z + 9. Determine h(4).
13
Let k(a) = -2*a**2 - 15*a + 3. Give k(-8).
-5
Let r(q) = -13*q - 4. Determine r(-1).
9
Let i(c) = -22*c + 525. Determine i(24).
-3
Let l(i) = -i**2 + 8*i + 8. Calculate l(9).
-1
Let a(k) = 63*k**3 - 2*k**2 - 2*k - 1. What is a(-1)?
-64
Let h(g) = -g**3 + 9*g**2 - 6*g + 5. Calculate h(8).
21
Let z(m) = -m**2 - m - 3. Give z(-3).
-9
Let h(d) = -d**3 + 2*d**2 + 5*d - 5. What is h(4)?
-17
Let d(p) = -p + 4. What is d(-3)?
7
Let q(c) = 5*c**3 - c**2 - c + 2. Calculate q(2).
36
Let b(o) = 3*o**2 - 12*o - 5. Calculate b(5).
10
Let p(d) = -3*d - 113. Give p(-37).
-2
Let c(u) = -10*u - 34. Give c(-4).
6
Let k(b) = 32*b + 182. Give k(-5).
22
Let v(t) = -t**3 + 9*t**2 - 8*t + 5. Calculate v(8).
5
Let q(c) = -4*c**2 - c - 1. Give q(-2).
-15
Let s(v) = -51*v - 212. Give s(-4).
-8
Let b(u) = -2*u**3 - 14*u**2 + 6*u - 11. Determine b(-8).
69
Let p(m) = m**2 - 10*m - 49. Calculate p(15).
26
Let i(m) = -m**3 - 16*m**2 - m + 2. Determine i(-16).
18
Let c(v) = v**2 - 3*v - 67. What is c(9)?
-13
Let z(u) = -u**3 + 9*u**2 + 2*u - 70. What is z(8)?
10
Let t(k) = -7*k + 44. What is t(5)?
9
Let q(b) = b**2 - 24*b - 3. What is q(24)?
-3
Let b(g) = g - 10. Give b(12).
2
Let p(z) = -18*z - 4. Calculate p(-4).
68
Let u(v) = -v**3 + 7*v**2 + 5*v + 13. Calculate u(8).
-11
Let t(j) = j - 49. Determine t(9).
-40
Let c(x) = 17*x - 137. Determine c(8).
-1
Let c(p) = -3*p**3 + 4*p**2 - 3. Calculate c(3).
-48
Let d(i) = i**3 + 7*i**2 - 9*i - 1. Give d(-8).
7
Let w(i) = i**3 + 7*i**2 - 1. Determine w(-7).
-1
Let p(q) = -18*q + 3. Calculate p(1).
-15
Let u(x) = -19*x - 336. Give u(-18).
6
Let r(u) = -2*u**2 - 5*u - 2